{"id":5140,"date":"2025-02-06T20:18:50","date_gmt":"2025-02-06T20:18:50","guid":{"rendered":"https:\/\/scientia.international\/college\/?page_id=5140"},"modified":"2025-02-06T20:59:44","modified_gmt":"2025-02-06T20:59:44","slug":"accesibiliad","status":"publish","type":"page","link":"https:\/\/scientia.international\/college\/accesibiliad\/","title":{"rendered":"Accesibiliad"},"content":{"rendered":"\n<h3 class=\"wp-block-heading\">Pol\u00edtica de Accesibilidad<\/h3>\n\n\n\n<p>En la construcci\u00f3n de la p\u00e1gina web de\u00a0<a href=\"https:\/\/scientia.international\/college\/\">https:\/\/scientia.international\/college\/<\/a>\u00a0se han adoptado medidas con el objetivo de que el mayor n\u00famero posible de personas puedan llegar a la informaci\u00f3n que se transmite en ella, independientemente de las limitaciones de la persona o de las que se deriven del contexto de uso.<\/p>\n\n\n\n<p>As\u00ed, en la confecci\u00f3n del portal se han tenido en cuenta los siguientes aspectos:<\/p>\n\n\n\n<ul class=\"wp-block-list\">\n<li>Uso de CSS para la presentaci\u00f3n de la informaci\u00f3n.<\/li>\n\n\n\n<li>Etiquetas de marcaje.<\/li>\n\n\n\n<li>Sistemas de navegaci\u00f3n usables, intuitivos y alternativos.<\/li>\n\n\n\n<li>Descripciones alternativas en las im\u00e1genes.<\/li>\n\n\n\n<li>Verificaciones en la visualizaci\u00f3n con diferentes navegadores y dispositivos.<\/li>\n\n\n\n<li>Utilizaci\u00f3n de formatos universales y alternativos.<\/li>\n\n\n\n<li>Los enlaces ofrecen detalles de la funci\u00f3n o destino del hiperv\u00ednculo.<\/li>\n\n\n\n<li>Uso de los est\u00e1ndares del W3C.<\/li>\n\n\n\n<li>Acceso mediante atajos teclado a las principales opciones.<\/li>\n<\/ul>\n\n\n\n<h3 class=\"wp-block-heading\">Cumplimiento de los est\u00e1ndares<\/h3>\n\n\n\n<p>Las p\u00e1ginas de este sitio Web cumplen la marca AA seg\u00fan la Norma UNE 139803:2004 y las Directrices de Accesibilidad para el Contenido Web 1.0 del W3C. Todos los requisitos de Prioridad 1 y Prioridad 2 y un subconjunto de los requisitos de Prioridad 3 han sido comprobados con un an\u00e1lisis manual de la accesibilidad a trav\u00e9s de diferentes herramientas semi-autom\u00e1ticas y agentes de usuario.<\/p>\n\n\n\n<h3 class=\"wp-block-heading\">Atajos de teclado<\/h3>\n\n\n\n<p>En esta Web puede hacer saltos ordenados en el contenido con la tecla Tab.<\/p>\n\n\n\n<h3 class=\"wp-block-heading\">Tama\u00f1o del texto<\/h3>\n\n\n\n<p>El dise\u00f1o accesible permite que el usuario pueda ajustar las fuentes al tama\u00f1o que le convenga. Esta acci\u00f3n puede llevarse a cabo de diferentes maneras seg\u00fan el navegador web que se utilice. A continuaci\u00f3n se indica la acci\u00f3n de men\u00fa donde se encuentra esta funcionalidad en los navegadores m\u00e1s frecuentes:<\/p>\n\n\n\n<ul class=\"wp-block-list\">\n<li>Mozilla Firefox: Ver > Tama\u00f1o de texto > Incrementar Internet<\/li>\n\n\n\n<li>Internet Explorer: Ver > Tama\u00f1o de texto > M\u00e1s grande<\/li>\n\n\n\n<li>Opera: View > Zoom > %<\/li>\n\n\n\n<li>Safari: View > Make text bigger<\/li>\n\n\n\n<li>Google Chrome: Herramientas > Zoom<\/li>\n<\/ul>\n\n\n\n<h3 class=\"wp-block-heading\">Configuraci\u00f3n t\u00e9cnica<\/h3>\n\n\n\n<p>Las p\u00e1ginas web est\u00e1n creadas con el CMS WordPress 6.1.1.<\/p>\n\n\n\n<h3 class=\"wp-block-heading\">Informaci\u00f3n \u00fatil sobre la accesibilidad<\/h3>\n\n\n\n<p>Seguidamente se exponen una serie de enlaces organizados en diferentes categor\u00edas \u00fatiles para obtener m\u00e1s informaci\u00f3n sobre la accesibilidad.<\/p>\n\n\n\n<h4 class=\"wp-block-heading\">Accesibilidad normas y documentos t\u00e9cnicos:<\/h4>\n\n\n\n<p><a href=\"http:\/\/www.w3c.org\/\" target=\"_blank\" rel=\"noreferrer noopener\">http:\/\/www.w3c.org\/<\/a><br>Consorcio World Wide Web, grupo de trabajo de \u00e1mbito internacional que dicta l\u00edneas generales relacionadas con la web.<\/p>\n\n\n\n<p><a href=\"http:\/\/www.w3c.org\/wai\/\" target=\"_blank\" rel=\"noreferrer noopener\">http:\/\/www.w3c.org\/wai\/<\/a><br>Iniciativa de Accesibilidad Web del W3C.<\/p>\n","protected":false},"excerpt":{"rendered":"<p>Pol\u00edtica de Accesibilidad En la construcci\u00f3n de la p\u00e1gina web de\u00a0https:\/\/scientia.international\/college\/\u00a0se han adoptado medidas con el objetivo de que el mayor n\u00famero posible de personas puedan llegar a la informaci\u00f3n que se transmite en ella, independientemente de las limitaciones de la persona o de las que se deriven del contexto de uso. As\u00ed, en la [&hellip;]<\/p>\n","protected":false},"author":1,"featured_media":0,"parent":0,"menu_order":0,"comment_status":"closed","ping_status":"closed","template":"","meta":{"pmpro_default_level":"","footnotes":""},"class_list":["post-5140","page","type-page","status-publish","hentry","pmpro-has-access"],"yoast_head":"<!-- This site is optimized with the Yoast SEO plugin v27.5 - https:\/\/yoast.com\/product\/yoast-seo-wordpress\/ -->\n<title>Accesibiliad - Scientia International College<\/title>\n<meta name=\"robots\" content=\"index, follow, max-snippet:-1, max-image-preview:large, max-video-preview:-1\" \/>\n<link rel=\"canonical\" href=\"https:\/\/scientia.international\/college\/accesibiliad\/\" \/>\n<meta property=\"og:locale\" content=\"es_ES\" \/>\n<meta property=\"og:type\" content=\"article\" \/>\n<meta property=\"og:title\" content=\"Accesibiliad - Scientia International College\" \/>\n<meta property=\"og:description\" content=\"Pol\u00edtica de Accesibilidad En la construcci\u00f3n de la p\u00e1gina web de\u00a0https:\/\/scientia.international\/college\/\u00a0se han adoptado medidas con el objetivo de que el mayor n\u00famero posible de personas puedan llegar a la informaci\u00f3n que se transmite en ella, independientemente de las limitaciones de la persona o de las que se deriven del contexto de uso. As\u00ed, en la [&hellip;]\" \/>\n<meta property=\"og:url\" content=\"https:\/\/scientia.international\/college\/accesibiliad\/\" \/>\n<meta property=\"og:site_name\" content=\"Scientia International College\" \/>\n<meta property=\"article:modified_time\" content=\"2025-02-06T20:59:44+00:00\" \/>\n<meta name=\"twitter:card\" content=\"summary_large_image\" \/>\n<meta name=\"twitter:label1\" content=\"Tiempo de lectura\" \/>\n\t<meta name=\"twitter:data1\" content=\"2 minutos\" \/>\n<script type=\"application\/ld+json\" class=\"yoast-schema-graph\">{\"@context\":\"https:\\\/\\\/schema.org\",\"@graph\":[{\"@type\":\"WebPage\",\"@id\":\"https:\\\/\\\/scientia.international\\\/college\\\/accesibiliad\\\/\",\"url\":\"https:\\\/\\\/scientia.international\\\/college\\\/accesibiliad\\\/\",\"name\":\"Accesibiliad - Scientia International College\",\"isPartOf\":{\"@id\":\"https:\\\/\\\/scientia.international\\\/college\\\/#website\"},\"datePublished\":\"2025-02-06T20:18:50+00:00\",\"dateModified\":\"2025-02-06T20:59:44+00:00\",\"breadcrumb\":{\"@id\":\"https:\\\/\\\/scientia.international\\\/college\\\/accesibiliad\\\/#breadcrumb\"},\"inLanguage\":\"es\",\"potentialAction\":[{\"@type\":\"ReadAction\",\"target\":[\"https:\\\/\\\/scientia.international\\\/college\\\/accesibiliad\\\/\"]}]},{\"@type\":\"BreadcrumbList\",\"@id\":\"https:\\\/\\\/scientia.international\\\/college\\\/accesibiliad\\\/#breadcrumb\",\"itemListElement\":[{\"@type\":\"ListItem\",\"position\":1,\"name\":\"Portada\",\"item\":\"https:\\\/\\\/scientia.international\\\/college\\\/\"},{\"@type\":\"ListItem\",\"position\":2,\"name\":\"Accesibiliad\"}]},{\"@type\":\"WebSite\",\"@id\":\"https:\\\/\\\/scientia.international\\\/college\\\/#website\",\"url\":\"https:\\\/\\\/scientia.international\\\/college\\\/\",\"name\":\"Scientia International College\",\"description\":\"\",\"publisher\":{\"@id\":\"https:\\\/\\\/scientia.international\\\/college\\\/#organization\"},\"potentialAction\":[{\"@type\":\"SearchAction\",\"target\":{\"@type\":\"EntryPoint\",\"urlTemplate\":\"https:\\\/\\\/scientia.international\\\/college\\\/?s={search_term_string}\"},\"query-input\":{\"@type\":\"PropertyValueSpecification\",\"valueRequired\":true,\"valueName\":\"search_term_string\"}}],\"inLanguage\":\"es\"},{\"@type\":\"Organization\",\"@id\":\"https:\\\/\\\/scientia.international\\\/college\\\/#organization\",\"name\":\"Scientia International College\",\"url\":\"https:\\\/\\\/scientia.international\\\/college\\\/\",\"logo\":{\"@type\":\"ImageObject\",\"inLanguage\":\"es\",\"@id\":\"https:\\\/\\\/scientia.international\\\/college\\\/#\\\/schema\\\/logo\\\/image\\\/\",\"url\":\"https:\\\/\\\/scientia.international\\\/college\\\/wp-content\\\/uploads\\\/sites\\\/4\\\/2025\\\/02\\\/SCIENTIA-quadrado.fw_-2048x2048-1.png\",\"contentUrl\":\"https:\\\/\\\/scientia.international\\\/college\\\/wp-content\\\/uploads\\\/sites\\\/4\\\/2025\\\/02\\\/SCIENTIA-quadrado.fw_-2048x2048-1.png\",\"width\":2048,\"height\":2048,\"caption\":\"Scientia International College\"},\"image\":{\"@id\":\"https:\\\/\\\/scientia.international\\\/college\\\/#\\\/schema\\\/logo\\\/image\\\/\"}}]}<\/script>\n<!-- \/ Yoast SEO plugin. -->","yoast_head_json":{"title":"Accesibiliad - Scientia International College","robots":{"index":"index","follow":"follow","max-snippet":"max-snippet:-1","max-image-preview":"max-image-preview:large","max-video-preview":"max-video-preview:-1"},"canonical":"https:\/\/scientia.international\/college\/accesibiliad\/","og_locale":"es_ES","og_type":"article","og_title":"Accesibiliad - Scientia International College","og_description":"Pol\u00edtica de Accesibilidad En la construcci\u00f3n de la p\u00e1gina web de\u00a0https:\/\/scientia.international\/college\/\u00a0se han adoptado medidas con el objetivo de que el mayor n\u00famero posible de personas puedan llegar a la informaci\u00f3n que se transmite en ella, independientemente de las limitaciones de la persona o de las que se deriven del contexto de uso. As\u00ed, en la [&hellip;]","og_url":"https:\/\/scientia.international\/college\/accesibiliad\/","og_site_name":"Scientia International College","article_modified_time":"2025-02-06T20:59:44+00:00","twitter_card":"summary_large_image","twitter_misc":{"Tiempo de lectura":"2 minutos"},"schema":{"@context":"https:\/\/schema.org","@graph":[{"@type":"WebPage","@id":"https:\/\/scientia.international\/college\/accesibiliad\/","url":"https:\/\/scientia.international\/college\/accesibiliad\/","name":"Accesibiliad - Scientia International College","isPartOf":{"@id":"https:\/\/scientia.international\/college\/#website"},"datePublished":"2025-02-06T20:18:50+00:00","dateModified":"2025-02-06T20:59:44+00:00","breadcrumb":{"@id":"https:\/\/scientia.international\/college\/accesibiliad\/#breadcrumb"},"inLanguage":"es","potentialAction":[{"@type":"ReadAction","target":["https:\/\/scientia.international\/college\/accesibiliad\/"]}]},{"@type":"BreadcrumbList","@id":"https:\/\/scientia.international\/college\/accesibiliad\/#breadcrumb","itemListElement":[{"@type":"ListItem","position":1,"name":"Portada","item":"https:\/\/scientia.international\/college\/"},{"@type":"ListItem","position":2,"name":"Accesibiliad"}]},{"@type":"WebSite","@id":"https:\/\/scientia.international\/college\/#website","url":"https:\/\/scientia.international\/college\/","name":"Scientia International College","description":"","publisher":{"@id":"https:\/\/scientia.international\/college\/#organization"},"potentialAction":[{"@type":"SearchAction","target":{"@type":"EntryPoint","urlTemplate":"https:\/\/scientia.international\/college\/?s={search_term_string}"},"query-input":{"@type":"PropertyValueSpecification","valueRequired":true,"valueName":"search_term_string"}}],"inLanguage":"es"},{"@type":"Organization","@id":"https:\/\/scientia.international\/college\/#organization","name":"Scientia International College","url":"https:\/\/scientia.international\/college\/","logo":{"@type":"ImageObject","inLanguage":"es","@id":"https:\/\/scientia.international\/college\/#\/schema\/logo\/image\/","url":"https:\/\/scientia.international\/college\/wp-content\/uploads\/sites\/4\/2025\/02\/SCIENTIA-quadrado.fw_-2048x2048-1.png","contentUrl":"https:\/\/scientia.international\/college\/wp-content\/uploads\/sites\/4\/2025\/02\/SCIENTIA-quadrado.fw_-2048x2048-1.png","width":2048,"height":2048,"caption":"Scientia International College"},"image":{"@id":"https:\/\/scientia.international\/college\/#\/schema\/logo\/image\/"}}]}},"_links":{"self":[{"href":"https:\/\/scientia.international\/college\/wp-json\/wp\/v2\/pages\/5140","targetHints":{"allow":["GET"]}}],"collection":[{"href":"https:\/\/scientia.international\/college\/wp-json\/wp\/v2\/pages"}],"about":[{"href":"https:\/\/scientia.international\/college\/wp-json\/wp\/v2\/types\/page"}],"author":[{"embeddable":true,"href":"https:\/\/scientia.international\/college\/wp-json\/wp\/v2\/users\/1"}],"replies":[{"embeddable":true,"href":"https:\/\/scientia.international\/college\/wp-json\/wp\/v2\/comments?post=5140"}],"version-history":[{"count":2,"href":"https:\/\/scientia.international\/college\/wp-json\/wp\/v2\/pages\/5140\/revisions"}],"predecessor-version":[{"id":5175,"href":"https:\/\/scientia.international\/college\/wp-json\/wp\/v2\/pages\/5140\/revisions\/5175"}],"wp:attachment":[{"href":"https:\/\/scientia.international\/college\/wp-json\/wp\/v2\/media?parent=5140"}],"curies":[{"name":"wp","href":"https:\/\/api.w.org\/{rel}","templated":true}]}}